-36*g. What are the prime factors of g?
3, 113
Let t(g) = -3*g**3 - g + 374. Let q be t(0). Suppose -v + q + 16 = 2*n, -5*v + 1962 = 4*n. What are the prime factors of v?
2, 197
Let t = 46 + -69. Let c = t - -23. Suppose c = -5*o + 154 + 111. List the prime factors of o.
53
Let i(h) = -81*h - 733. Let k be i(-9). Let t(d) = -5*d**2 + d. Let l be t(1). List the prime factors of (-410)/l - 2/k.
103
Suppose 0 = 41*j - 6036 - 11307. Suppose -4*v + j + 281 = 0. List the prime factors of v.
2, 11
Suppose -12*o = 7*o. Suppose 8*k + 240 = 5*m + 3*k, o = -4*m - k + 202. List the prime factors of m.
2, 5
Let m = -321 + 333. Let c(f) = 107*f + 12. What are the prime factors of c(m)?
2, 3
Let x = 3032 - 2744. List the prime factors of x.
2, 3
Let z(c) = -2*c**3 - c**2 - 6*c - 5. Let o be z(-1). Let h(p) = 157*p**2 + 13*p - 21. What are the prime factors of h(o)?
3, 211
Let c(s) = -s**2 - 12*s + 25. Let y be c(-14). List the prime factors of 14*(2 + y)*(-12 + 7).
2, 5, 7
Let l(f) = 2*f**3 + 15*f**2 + 7*f. Let b be l(-7). Suppose 3*z - 13547 = -b*m - m, -4*m - 4*z = -54180. What are the prime factors of m/120 + 4/30?
113
Let w = 8741 + -5050. What are the prime factors of w?
3691
Let h(t) = 0*t - 4*t**2 - 23 + 2*t - 2*t**3 + 13*t**2. Let l be h(7). Let v = 359 + l. What are the prime factors of v?
3, 5, 7
Suppose o = 5*y + 185, -6*o - 175 = -7*o - 5*y. Suppose o*s = 187*s - 5390. What are the prime factors of s?
2, 5, 7, 11
Let h(p) = 2*p**3 + 101*p**2 + 39*p + 197. What are the prime factors of h(-45)?
20717
Suppose -3*x = -7*x + 480. Suppose -x + 0 = -d. Suppose 0 = -h, 5*v - 3*v + 2*h - d = 0. List the prime factors of v.
2, 3, 5
Let j = 788 + -121. Let x = -164 + j. List the prime factors of x.
503
List the prime factors of ((-2491)/6)/(-1) + 2/(-12).
5, 83
Let s(z) = z**3 + 51*z**2 - 171*z - 100. What are the prime factors of s(-51)?
37, 233
Let a(v) = 16*v**2 + 37*v - 1435. List the prime factors of a(21).
2, 7, 457
Let d be 2/(-2)*(44 + -49). What are the prime factors of (-24934)/(-35) + ((-7)/d - -1)?
2, 89
List the prime factors of 4105*(-198)/(-55) + (2 - (5 + 0)).
3, 5, 197
Let c(v) = 91*v + 73. Let o = 43 - 38. What are the prime factors of c(o)?
2, 3, 11
What are the prime factors of (15/(-30) - (-1 + 2))/(117/(-2129712))?
2, 3413
Suppose 0 = g + g - 5*b - 281, 5*g = -4*b + 752. Suppose -2*c = 4, 4*c = v - c - 13. Suppose v*w = -w + g. List the prime factors of w.
37
Suppose a + 8 = 4*i, 2*a = i - 3 + 1. Suppose -5*w + 2171 = -2*o, 3*w - 478 = -o + 829. Suppose a = -2*h - 3*h + w. What are the prime factors of h?
3, 29
Suppose -4752 = -19*y + 18*y + 3*c, 0 = -2*c + 4. List the prime factors of y.
2, 3, 13, 61
Let g(u) = -u**3 + 4*u**2 - 3*u. Let w be g(2). Let y be 4 - (w + -1*(-1 + 3)). Suppose 112 = 4*n - y*s, -3*s + 105 = 5*n - s. What are the prime factors of n?
23
Suppose 91*r + 471968 = 189*r. List the prime factors of r.
2, 7, 43
Suppose -3*k - 9438 - 454 = -w, 2*w - 5*k - 19784 = 0. List the prime factors of w.
2, 2473
Let a(h) be the third derivative of -h**4/24 + h**3/3 + 14*h**2. Let t be a(-8). Let q(m) = 11*m + 15. List the prime factors of q(t).
5
Let n be (-1466)/6 - (-18)/(-27). Let x = -101 - n. List the prime factors of x.
2, 3
Suppose 0 = r - 3*b - 3868, -21*r + 5*b = -23*r + 7758. List the prime factors of r.
2, 13, 149
Let i(a) = 2321*a - 518. What are the prime factors of i(4)?
2, 3, 487
Let o(d) = -56*d + 56. Let j be o(1). Suppose -17*s + 25628 + 4309 = j. List the prime factors of s.
3, 587
Suppose 2*y = 24716 + 4764. List the prime factors of (-17)/((-170)/y) - -2.
2, 3, 41
Let y(d) = 12*d + 124. Let t be y(29). Let n = 916 - t. What are the prime factors of n?
2, 3, 37
What are the prime factors of 53619 - 2 - (-6 - (0 - 2)) - -5?
2, 26813
Suppose -4*u = -2*u - 2*c - 104, 5*c - 244 = -4*u. Suppose 0 = 5*o + h + u, o - 2*o + h = 16. Let y = 0 - o. List the prime factors of y.
2, 3
Let h(v) = -19*v - 7. Suppose g = 2*g + 23. Let n(y) = y + 19. Let t be n(g). List the prime factors of h(t).
3, 23
Suppose 0 = 2*x + 8, -8*s + 3*x = -13*s + 20433. Suppose 1665 + 1613 = 4*n + 5*c, 0 = -5*n - 2*c + s. What are the prime factors of n?
19, 43
Suppose 2*g - 6 = -2*i, -5*g + 40*i = 41*i - 23. Let l(w) = 4*w - w - 17 + 15*w. What are the prime factors of l(g)?
73
Suppose 4*u = -4*i + 76927 + 52669, 97239 = 3*i - 4*u. What are the prime factors of i?
5, 6481
Let a = 43 + -37. Suppose 4*m - 26 = c - a*c, 0 = 2*c + 5*m - 24. Suppose c*i - 4*k - 194 = 2, 0 = -i - 3*k + 123. What are the prime factors of i?
2, 3
Let l(w) = 1774*w**2 + 31*w - 59. What are the prime factors of l(2)?
31, 229
Suppose -18*o = -19 + 559. List the prime factors of (-838)/(-12) + 25/o.
3, 23
Let i(l) be the third derivative of 35*l**4/4 + 17*l**3/6 - 13*l**2. Let m be i(5). Suppose -7*h - 4*h = -m. What are the prime factors of h?
97
Let d(u) be the second derivative of u**4/4 - 29*u**3/6 - 5*u**2/2 + 43*u + 2. List the prime factors of d(-9).
499
Suppose -808937 = 112*k - 6395161. What are the prime factors of k?
49877
Let c = 160 - 148. Let q(t) = -t**3 + 13*t**2 + 10*t - 51. What are the prime factors of q(c)?
3, 71
List the prime factors of 22/341 + (-524975)/(-155).
3, 1129
Suppose 0 = -2*t + 5*i - 2*i + 182, 3*t = -2*i + 260. Let f = t - 16. Suppose 17*r - f = 5*r. What are the prime factors of r?
2, 3
Suppose -r - 2*r = 498. Let i = -94 - r. Suppose 110 = 5*u - 3*x, 3*u + 3*x = 6*u - i. What are the prime factors of u?
19
Let z = -803 + 1273. Let u = z + -160. What are the prime factors of u?
2, 5, 31
Let j be (-7258)/(-14) - 9/21. Suppose 3*q - 5 = -l, -l + 3 = 2*q - 0*l. Suppose q*d = i + 294, 0 = -5*d - 5*i + j + 247. What are the prime factors of d?
149
Let x be 51/15 + (-42)/105. Suppose 0 = -3*g + 377 + 412. Suppose h + g = 3*m + 23, x*m + 2*h = 240. What are the prime factors of m?
2, 5
Suppose -f = -2*v - 5949, f - 5*v + 1692 - 7641 = 0. What are the prime factors of f?
3, 661
Suppose 5*x - 402193 = -6*k - 85493, -3*k + 158394 = -3*x. What are the prime factors of k?
2, 5, 5279
Suppose -785990 - 1727429 = -125*r - 479794. List the prime factors of r.
3, 11, 17, 29
Suppose i - 12 = -3*i. Suppose 2*p + 5 - 1 = 0, -9 = -m + i*p. Suppose m*f + 98 = 5*f. What are the prime factors of f?
7
Let o(s) = 4*s**2 - 28*s + 1491. List the prime factors of o(58).
3, 4441
List the prime factors of ((-10)/(-2))/(-1) - 15*(-17085)/45.
2, 5, 569
Suppose 126*k = -102*k + 10*k + 3630790. List the prime factors of k.
5, 3331
Let w(l) = -9*l - 17. Let n be w(-3). Suppose -n*k + 1878 = -1322. List the prime factors of k.
2, 5
Suppose 4*d - 34 = w, -5*d - 3*w + 5 = -29. Suppose -92 = -d*j + 92. Suppose -g + 2*v + j = 0, 0*v + 3*v + 66 = 3*g. What are the prime factors of g?
3, 7
Suppose 0*t + y = 4*t - 62, -4*y = 8. Let g = -8 - t. Let i(r) = r**2 + 23*r + 8. What are the prime factors of i(g)?
2
Suppose -96816 = -4*p - 2*w + 5444, 2*p - 51136 = -2*w. List the prime factors of p.
2, 12781
Let k(b) = 54*b**2 + 13*b + 3. Let m be k(-5). Let z = m - 544. Suppose -8*t = -0*t - z. List the prime factors of t.
3, 31
Let o = -7359 + 24423. What are the prime factors of o?
2, 3, 79
Let j be (-46)/(-299) + 542/26. Let c(x) be the third derivative of x**4/4 - 23*x**3/6 - 3*x**2. What are the prime factors of c(j)?
103
Suppose 3 = 5*n + 4*j, 0 = -2*n + 3*j - 8*j - 9. Let f(v) = v - 6*v**n + 2*v**3 - v**2 + 4*v**3 + v**3. List the prime factors of f(2).
2, 3
Let p be -9 + (-1686)/(-54) - 4/18. Let v be (-16 + 0)*(-11)/p. Suppose -v*g + 236 = -148. What are the prime factors of g?
2, 3
Let q(m) = -8523*m - 2572. List the prime factors of q(-3).
13, 29, 61
Let j = -427 + 428. List the prime factors of (308/33 - 10)/(j/(-1098)).
2, 3, 61
Suppose 0 = -15*l - 15*l - l + 13950. What are the prime factors of l?
2, 3, 5
Let n(x) = x**3 - 23*x**2 + 17*x + 9. Let r be n(18). What are the prime factors of 2 + -8 - -4 - r?
1303
Let y = 128 - 106. Suppose 2*b = -5*j - y, -2*b - j - 4 = 10. List the prime factors of 588/9 - (-2)/b.
5, 13
Let t = 49 - 45. Suppose 4*i + t*h - 12 = 8, 0 = i - 4*h. Suppose -394 = -4*m - 5*d, d = m - i*d - 86. What are the prime factors of m?
2, 3
Suppose 23*z - 26*z - 16564 = -5*a, -5*a + 16549 = 2*z. List the prime factors of a.
7, 11, 43
Let p(m) be the firs